divisor of w and 63.
21
Suppose 4*k - 98 = 5*a, 2*a - 9 = k - 35. Calculate the highest common divisor of k and 110.
22
Let o be 1/2 - (-22)/4. Let s be (-27)/6*(-4)/o. Suppose g + s*i - i + 7 = 0, 3*g + 3*i + 6 = 0. Calculate the greatest common divisor of 12 and g.
3
Suppose k - 128 = -k. Calculate the highest common factor of k and 16.
16
Let y(h) = h + 1. Let l be y(-4). Let f = -2 + l. Let u be ((-2)/f)/((-1)/(-25)). What is the highest common factor of u and 5?
5
Suppose -3*o = -3*n + 153, 5*n + 116 - 341 = -5*o. Let b be 13/2 - 2/4. What is the greatest common factor of n and b?
6
Let t = 20 - 12. What is the highest common factor of 32 and t?
8
Suppose c = 3*u, -3*u + 44 = 3*c - u. What is the greatest common divisor of 3 and c?
3
Suppose 0 = 2*d - 5*v - 145, d + 315 = 6*d - 3*v. Let h(y) = -y**3 - 5*y**2 + 3*y + 6. Let z be h(-6). What is the greatest common factor of d and z?
12
Suppose -3*s - 9 = 3, 2*s - 310 = -2*i. Suppose 4*c - 2*v - i = 133, 5*v = c - 82. Calculate the highest common divisor of c and 9.
9
Let q be (24/(-10))/((-1)/5). Let b = 162 + -102. What is the highest common divisor of b and q?
12
Let v be -14*((-18)/4 + 3). Calculate the greatest common factor of 231 and v.
21
Let m be ((-342)/(-21))/((-2)/(-14)). Let z be 5/((-45)/(-6))*3. Suppose -2*s + 76 = z*s. Calculate the greatest common factor of s and m.
19
Let m(u) = u**3 - 4*u**2 - 8*u - 6. Let r be m(7). Calculate the greatest common factor of 17 and r.
17
Let n be (-2)/6 - (-25)/3. What is the highest common factor of n and 2?
2
Let y be 30/((-9)/(-6) - 0). Let n(f) = -7*f - 5. Let j be n(-5). Calculate the highest common divisor of j and y.
10
Let m = 57 - 37. What is the greatest common divisor of 20 and m?
20
Let b(k) = k + 34. Let d be b(0). Let t = 15 - -2. Calculate the greatest common divisor of d and t.
17
Let h(o) = 3*o + 11. Let l be 2*(-1 + -1 + 1). Let n = l - -10. Let j be h(n). Calculate the highest common divisor of 7 and j.
7
Let a(d) = -d**3 + 6*d**2 + 4*d + 1. Let m be a(3). Suppose -4*c + 77 = 13. What is the greatest common divisor of c and m?
8
Let a = -20 + 30. Suppose -5*r = -570 + 120. Calculate the greatest common divisor of r and a.
10
Suppose 30 = -c + 128. Let k = c + -68. Suppose -45 = o - 3*o - s, -85 = -3*o - 5*s. What is the greatest common factor of o and k?
10
Let y = -22 - -50. What is the greatest common divisor of y and 14?
14
Suppose 2*w = 5*w - 66. Suppose 3*h + u = 2*u - 113, 3*u = -5*h - 193. Let a = -5 - h. What is the greatest common factor of a and w?
11
Let r = -2 - -6. Let m(b) = -6 + 4 + 0*b + 5 + 2*b. Let v be m(r). Calculate the greatest common divisor of v and 55.
11
Let t = -1 + 1. Let j(u) = u**3 + u**2 + u - 133. Let q be j(t). Let s be q/(-3) - (-2)/(-6). Calculate the greatest common factor of s and 22.
22
Suppose 0 = -2*s - 5*r + 42, -26 - 34 = -4*s - 4*r. Calculate the highest common divisor of s and 33.
11
Let t(g) = g**3 + 4*g**2 + 2*g - 2. Let j be t(-2). Calculate the greatest common divisor of j and 2.
2
Suppose -2*d + 5 = 3*q + 3, -d - 2 = 0. Let p be 18*(-2)/(-4)*q. Calculate the highest common factor of 9 and p.
9
Suppose -4*i + d + 20 = -325, 5*i - d = 432. Let y = i - 33. What is the greatest common divisor of 6 and y?
6
Let a be (-2 - 1)*(-80)/6. Suppose -5*q + 312 = 12. What is the highest common factor of q and a?
20
Let q be 13 + (5/25)/(1/(-5)). Calculate the greatest common factor of q and 132.
12
Let n(q) = q + 29. Let x be n(-11). What is the highest common factor of x and 6?
6
Let g = 40 + -28. Let n be ((-72)/32)/((-1)/48). What is the greatest common factor of g and n?
12
Suppose 0 = -2*q - 2*q + 84. Let x be 1 + ((-62)/(-2))/1. Let c = x - q. What is the highest common factor of c and 121?
11
Suppose 4 = -4*l, -4*o - 3*l - l = 8. Let u be (-6)/(3/o)*6. What is the greatest common factor of 84 and u?
12
Let u = 32 - 23. Let a = -54 + 153. What is the highest common divisor of u and a?
9
Let b = -8 + 5. Let a be (-14)/b + (-6)/(-18). What is the highest common divisor of 10 and a?
5
Suppose 4*t + 4*g - 52 = 0, 14 = 3*t - 2*t + 2*g. Let q(n) = -2*n + 6. Let o be q(-6). Calculate the highest common divisor of t and o.
6
Let j = 6 - 3. Let r(w) = -w**2 - 7*w - 5. Let n be r(-6). Let m be 15*2/2*n. What is the highest common divisor of j and m?
3
Let z(f) = f**3 + 5*f**2 - f - 4. Let h be (-54)/15 - (-4)/(-10). Let l be z(h). What is the greatest common divisor of 8 and l?
8
Suppose -4*x + 6 = -p, -5*x - p - p = -14. What is the greatest common factor of x and 1?
1
Let y be 642/9 + 2/3. Calculate the highest common divisor of 180 and y.
36
Let c = 3 - -3. Suppose -7 = 5*g - 52. Calculate the highest common divisor of c and g.
3
Let k(v) be the first derivative of v**2/2 + v + 5. Let s be k(6). What is the greatest common divisor of s and 49?
7
Let f be (-9)/(-2) + 1/(-2). Suppose 0 = -f*z - 0*z - 20. Let y = -4 - z. Calculate the greatest common divisor of y and 7.
1
Suppose -2*q = -4*k + 12, q + 0*q = -k. What is the highest common factor of k and 8?
2
Let u be 123/15 - (-1)/(-5). Let h be 34/8 - 2/u. What is the highest common factor of h and 4?
4
Let f(n) = n**3 + 9*n**2 + 14*n - 6. Let p be f(-6). Calculate the greatest common factor of 45 and p.
9
Let o = -33 - -17. Let b be (12/o)/(2/(-104)). What is the greatest common divisor of b and 26?
13
Suppose 0 = -3*m + 4*o - 2*o + 406, 4*m + 5*o - 503 = 0. Let u = 286 - m. What is the highest common factor of 14 and u?
14
Let l(f) = 2*f. Let q be l(3). Let g(b) = 34*b - 4. Let j be g(1). Calculate the greatest common factor of q and j.
6
Let l = 11 - 17. Let w = l + 18. Calculate the highest common factor of w and 108.
12
Let s be -1 + 2*(-3)/(-2). Suppose s = -k + 82. Suppose -36 = -4*u - c, 2*c + 29 = 4*u - 19. What is the greatest common divisor of u and k?
10
Suppose 3*t = -28 + 88. Let k be (t/8)/(10/24). Calculate the greatest common factor of 12 and k.
6
Let d = -106 - -72. Let o = d - -50. Calculate the greatest common factor of o and 24.
8
Let j(q) = -q**3 + 7*q**2 + 10*q - 8. Let z be j(6). Suppose 0 = -t + 43 - 32. What is the greatest common divisor of z and t?
11
Suppose 596 = f - 3*f. Let g be 4/14 - f/(-14). Let n = 43 + g. Calculate the highest common divisor of n and 242.
22
Suppose 0 = t + 1 - 4. Suppose -t*k - 2*k = 5*j - 55, -3*j - 21 = -3*k. Let p(r) = 20*r + 3. Let g be p(3). What is the greatest common factor of g and k?
9
Let g(w) = 2*w**3 - 7*w**2 - 8*w + 3. Let m be g(6). Let o = 7 - 12. Let c(x) = 2*x**2 + 8*x + 5. Let s be c(o). What is the highest common divisor of m and s?
15
Let q = -83 + 129. Calculate the highest common factor of 230 and q.
46
Let j = 11 - -1. Suppose -384 = -0*x - 4*x. What is the greatest common factor of x and j?
12
Suppose -2*r = -3*r + 2. Suppose -2*i - 3*x = r*i - 224, -2*x = -i + 56. Let p = i - 32. Calculate the greatest common factor of 3 and p.
3
Let k(m) = 6*m**2 + 4*m - 2. Let z be k(1). Let f(l) = l**2 + 3*l - 6. Let n be f(-6). What is the highest common factor of n and z?
4
Let d be 6/9 - 356/3. Suppose 2*v - 16 = 54. Let b = v - d. Calculate the greatest common divisor of 17 and b.
17
Let m = -1 - 6. Let u(n) = -2*n - 6. Let h be u(m). What is the highest common factor of 88 and h?
8
Suppose 69 = 5*y + 2*b - 61, -4*y + 4*b = -76. Let p = y - 11. Calculate the greatest common factor of p and 39.
13
Let m = 8 + -5. Suppose -4*o + m = -o, 172 = 4*k - 4*o. What is the highest common factor of 4 and k?
4
Suppose 4*k = -4 + 12. Let i(h) = -5*h - 2. Let s(o) = 14*o + 6. Let n(d) = 11*i(d) + 4*s(d). Let w be n(k). Calculate the greatest common divisor of 36 and w.
4
Suppose 3*n - 45 = y, -3 + 18 = 5*y. Suppose -8*d = -3*d - 720. What is the highest common divisor of n and d?
16
Let y be (36/27)/((-4)/(-6)). Let v be (-2 + 0)/2*3. Let z be y/v + 68/12. Calculate the highest common factor of z and 55.
5
Let c(u) = u**3 - 2*u**2 - 7*u + 6. Let s be c(6). Suppose v = -2*v + s. Calculate the greatest common divisor of v and 4.
4
Suppose -4*m - 3*p = -p - 6, -12 = -3*m + p. Suppose -m*z - 2*d + 67 = 0, 2*z - 4*z + 5*d = -13. What is the highest common divisor of 171 and z?
19
Suppose 0 = -x + 2. Suppose l = -x*l + 45. Calculate the highest common divisor of 60 and l.
15
Let b be 56/